c*b + 610 = -4*v, -4*b + 9*b - 5*v = 610. What is the tens digit of b?
2
Let n(g) = -g**3 - 11*g**2 + 16*g - 7. Let s be n(-14). What is the hundreds digit of (-5 - s/6)*-2?
1
Let v be (13 - (-56)/(-8)) + -2*1. Suppose -750 = -v*y + p + p, -p + 5 = 0. What is the units digit of y?
0
Suppose 6 = -5*h - 9. Let d be 5 - (1 + 3 + h). Suppose y - 5*t + 111 = d*y, -3*t = y - 41. What is the tens digit of y?
3
Let d be (-3)/(7/5 + -2). Let c be (10/(-25))/(1/d). What is the units digit of (3/c)/(3/(-18))?
9
Let z(a) = 135*a**2 + 5*a + 11. What is the thousands digit of z(3)?
1
What is the tens digit of 5*(-4)/20 + 847?
4
Let c(d) = 37*d - 67. What is the tens digit of c(4)?
8
What is the tens digit of ((-6)/4)/(6*(-1)/40)?
1
Let o(j) = 2*j**3 - 3*j**2 + 2*j + 12. Suppose 2*l - 5*y = 5*l + 10, 10 = -2*l - 4*y. What is the tens digit of o(l)?
9
Suppose 2*u = -5*d + 10, -4*d + 5*u = -15 - 26. Suppose 2*k - d*t - t = 77, 6 = 2*t. What is the units digit of k?
6
What is the units digit of 460 - ((-33)/9 - (-18)/27)?
3
Let k(f) = 5*f + 2*f**2 - 2*f + 1 - 2*f. Let t be k(-3). Suppose 0 = -4*b + t + 112. What is the tens digit of b?
3
What is the units digit of 3*(-5)/(105/(-2884))?
2
Suppose -3*m + 3624 = 3*b, 5*m - 3706 = 3*b + 2350. What is the hundreds digit of m?
2
Let o(h) be the second derivative of -3*h - 5/6*h**3 + 1/12*h**4 - 7*h**2 + 0. What is the tens digit of o(10)?
3
Let z = 23 - -40. Let i be (-2)/(-3)*z/14. Suppose 0 = i*b - 4*f - 101, -297 + 86 = -5*b - 4*f. What is the tens digit of b?
3
Let r(z) = -3*z**2 + 3*z**3 + 6*z - 3*z - 7*z + 2 + 1. What is the units digit of r(3)?
5
Let g be (-1 + 42)/((-2)/(-4)). Suppose 0 = 3*q + 15, 2*q + 8 = -2*j + j. Suppose j*r - 3*x = -4*x + 38, 4*r + 5*x = g. What is the units digit of r?
8
Let h(k) = -k + 9. Let m be h(7). Suppose -2 + 8 = m*z. Suppose -3 = -2*v - 0*i - z*i, i = -4*v + 21. What is the units digit of v?
6
Suppose 3*b = -4 - 17. Let p be -3 - b/((-28)/(-180)). Suppose 3*h = 2*w - p, 4*w - h + 5*h = 84. What is the tens digit of w?
2
Let y = 37 + -1. Suppose -3*w = 2*s - 36, 4*w = 2*s + 6*w - y. Let q = -5 + s. What is the tens digit of q?
1
Let t(s) = -8*s**3 + 18*s**2 + 72*s + 1. What is the hundreds digit of t(-8)?
6
Let t be (-1685)/((-30)/6) - (-4 - -1). Suppose -t = 9*n - 1033. What is the units digit of n?
7
Let w = -54 - -225. Suppose 54 = 2*h + 5*b - w, -3*h + 348 = 4*b. What is the tens digit of h?
2
Let n(g) = -g**2 + 9*g - 3. Suppose -5*s + 20 = -5*p - 20, 0 = -3*s + 5*p + 26. Let c be (s - 0) + 0/6. What is the tens digit of n(c)?
1
Suppose 0 = -10*n + 1320 + 340. What is the hundreds digit of n?
1
Let a(v) be the first derivative of -6*v**2 + 8. Let y be a(1). What is the units digit of (-3)/y - (-537)/12?
5
Let j(x) = -x**3 + 6*x**2 - 1. Let m(a) = 2*a**2 + 6*a + 5. Let b be m(-3). What is the units digit of j(b)?
4
Let g = -147 + 55. Let x be (6 - 3)*g/(-6). What is the units digit of ((-6)/(-4) + -1)*x?
3
Let j be ((-56)/16)/((-1)/(-14)). Let i = -2 - j. What is the units digit of i?
7
Suppose -2*l - 3*k + 4057 = -0*k, -5*l = 4*k - 10153. What is the tens digit of l?
3
Suppose -3*u - 2*n - 728 = 0, -3*n - 5 = 2*n. What is the tens digit of u/(-6) + 1*(-5)/15?
4
Suppose 0 = -l + 1 - 0. What is the tens digit of (-7 - -10) + 64*l?
6
Let v be (-2)/(3/(-6)*1). Suppose -4*s = -3*h - 152, -2*s - s + 139 = v*h. What is the tens digit of s?
4
Suppose 4*z = -4*y + 25832, 2*y - 7*y + 4*z + 32335 = 0. What is the tens digit of y?
6
Let f(r) = 2*r**2 - 5*r. Let h = -5 - -11. Let p be f(h). Let z = p + -26. What is the units digit of z?
6
Suppose -3*t - 5*m = -38, 2*m + 84 = 3*t + 2*t. Let b(h) = -t + 4*h + h - 4*h + 3*h. What is the tens digit of b(14)?
4
Suppose h + 151 = 1035. What is the hundreds digit of h?
8
Let m(o) = 39 + 44 - 5*o + 5*o - o**2. What is the tens digit of m(0)?
8
Suppose -8*f - 9 = -25. Suppose 174 = 4*w + l - 162, 162 = f*w + 2*l. What is the tens digit of w?
8
Suppose s = d + 56, d = -3*d + 12. Suppose -2*t - 2*b - 88 = 0, 4*t - 11 = -2*b - 177. Let u = t + s. What is the tens digit of u?
2
Suppose -3*i = -5*r - 0*i - 22, r + 2*i = 6. What is the tens digit of 13 - (-3 - (r + 3))?
1
Suppose -5*g - 48 - 22 = 0. What is the units digit of -1*2 - (-19 + g)?
1
Suppose 13*t = 1728 + 2939. What is the hundreds digit of t?
3
Let j(w) be the first derivative of -w**4/4 - 2*w**3/3 + w - 2. Let i be j(-2). What is the tens digit of 14 + (-3)/i - -3?
1
Let c be 4/(-26) - ((-864)/26)/8. Suppose 2*i = c, 2*i = 14*b - 15*b + 135. What is the units digit of b?
1
Suppose 3*u - 334 + 31 = 0. Let l = u + -1. What is the tens digit of l?
0
Suppose 436 = -9*f + 10*f. What is the tens digit of f?
3
Suppose -20313 = -69*t - 42*t. What is the tens digit of t?
8
Suppose 0*x = -5*x - 4*w + 303, 2*x + 3*w = 117. Suppose -5*a + 283 = x. What is the tens digit of a?
4
Let p = -75 - -2622. What is the hundreds digit of p?
5
Let y be (1 - -1) + 12 + -2. Let a(z) = -z + 10. Let f be a(-8). Suppose f + y = 5*b. What is the units digit of b?
6
Let s(x) = -38*x - 3. Let i be s(1). Let m = i - -113. What is the tens digit of m?
7
Let n be 10/(-3)*(-30)/20. Suppose -j + n*j + 4*g = 372, -g = -j + 91. Let d = -55 + j. What is the units digit of d?
7
Let p(h) = -22*h - 1. What is the tens digit of p(-18)?
9
Suppose 76 - 12 = -5*r + 2*v, 3*r = -v - 45. Let y be 1 - 2 - (-28 - (4 + -3)). What is the units digit of 4/r + 680/y?
4
Let h(q) = q**2 + 5*q + 2. Let x be h(-3). Let f be 2/(-8) + (-17)/x. Suppose f*w - 7 = 13. What is the units digit of w?
5
What is the thousands digit of (4 - 3) + 4426 - (-17)/17?
4
Let s = -777 + 1361. What is the tens digit of s?
8
Suppose 4*y - 7354 = -6*m + 3*m, 2*y = -4*m + 9812. What is the tens digit of m?
5
Let h(s) = -286*s + 53. What is the hundreds digit of h(-2)?
6
Suppose 0 = -5*u + 45 + 60. Let z = u - 12. What is the units digit of z?
9
Suppose 4*w - 8 = 2*w. Suppose 0 = w*a - 71 - 21. What is the units digit of a?
3
Let b(d) = 7*d**2 + 2*d - 1. Let f = -20 + 16. Let l be b(f). Let v = -45 + l. What is the units digit of v?
8
Suppose -4*d + 284 = -3*y, -5*y + 470 = 5*d + 115. Suppose 5*q = a + 21, 3*a + 3*q - 27 = -162. Let m = a + d. What is the units digit of m?
0
Let k = -8 - -11. Let m(p) = -p**2 + 2*p + 5. Let i be m(k). Suppose 4*o - i*z = z - 3, 0 = 4*z - 20. What is the units digit of o?
3
What is the tens digit of 78/12 + -5 - (-5379)/6?
9
Let f(h) = -116*h - 16. What is the tens digit of f(-3)?
3
Let x be 6/8 + (-3)/(-12). Suppose -5*h + 2*r = -23, 5*r + x = -19. What is the units digit of h?
3
Let s = 21 + 40. Suppose -s = -r - 5*m, -4*r - 5*m - 134 = -393. What is the tens digit of r?
6
What is the units digit of (-5)/2*(7 - 47672/40)?
2
Let v = -3 - 0. What is the tens digit of 49 + (v - 0) + 0?
4
Suppose 134*m = 140*m - 4182. What is the units digit of m?
7
Let t(c) = 1006*c + 69. What is the units digit of t(1)?
5
What is the hundreds digit of (1 + (-476)/8)*-16 - 4?
9
Let j be (-78)/(-8)*(-3 + (-119)/(-21)). Suppose -25*f = -j*f + 252. What is the hundreds digit of f?
2
Suppose 64 = 3*a + 19. Suppose -4*o + a = -5. Suppose -16 = -o*h + h. What is the units digit of h?
4
Suppose -1157 + 100 = -7*l. What is the units digit of l?
1
Let c(r) = -2 + 6*r - 12*r - 6*r. What is the units digit of c(-2)?
2
Let c(n) = n - 16. Let z be c(6). Let l = z - -60. Let o = l + -25. What is the units digit of o?
5
Let g(y) = 13*y**3 - 12*y**2 - 19*y - 8. Let w(l) = 9*l**3 - 8*l**2 - 13*l - 5. Let x(t) = 5*g(t) - 7*w(t). What is the tens digit of x(4)?
4
What is the tens digit of (343/245)/((-2)/(-90))?
6
What is the units digit of 62872/145 + 2/5?
4
Suppose n - p - 77 - 157 = 0, 6 = -3*p. Suppose -5*y + 305 + 5 = -a, 4*a = 4*y - n. What is the units digit of y?
3
Suppose -5 = l + 4*l. Let z be -4 - -6 - (-2 - l). Suppose -4*u - f - z*f = -108, 5*f + 65 = 3*u. What is the tens digit of u?
2
Let v(n) = -30*n + 31. What is the units digit of v(-2)?
1
What is the units digit of ((-9896)/(-6))/((-368)/(-24) + -14)?
7
Suppose 0*d = -d - 4. Let w be 6*(d - (1 - 3)). Let o = w + 15. What is the units digit of o?
3
Suppose -4*n + 12 + 104 = -4*d, 120 = -4*d + 3*n. Suppose a - 228 = 4*j, 0*j - 2*j - a = 114. Let q = d - j. What is the tens digit of q?
2
Suppose 3*r - 